((-35 - (3 + -3)) + 319 + -317).
25
(0 + 10 - -1) + (39 - (41 - 60))
69
What is the value of -90 - (11 + -15) - (-13 + 6 + -5)?
-74
Evaluate 17 - (58 + -26) - -55.
40
-1 + 1 - 3 - (-7 - (12 + 2 + -18))
0
Evaluate -29 + (-20 - ((-6 - 16) + 50)).
-77
What is the value of -66 + 42 + 7 + (1 - 0) - 7?
-23
What is the value of (-13 - -16) + (5 - -24 - 112)?
-80
Evaluate -37847 + 37814 - ((9 - -1) + -1 + -1).
-41
What is (-12 - 10 - -5) + 0 + 43?
26
What is the value of 18 + 14 + -19 + -13 + -5 + 24?
19
0 + (10 + 3 + -1 - (-534 + 636))
-90
-49 + -2 + 19 + (-11 - 32)
-75
What is the value of 27 + (3 + 0 - ((-25 - -30) + 9))?
16
Calculate 23 + (-63 - 1) - -126.
85
Calculate 19 - (28 - (-12 - -15) - -33).
-39
Evaluate 8 - (61 - (-15 - -41) - (-4 - 1)).
-32
Calculate -10 + (-4 - (7 + 4)) - -4 - (-1 - -9).
-29
Calculate (-1 - -4) + 0 + -40 + -2 + -4.
-43
0 + 16 - (-6 - -2 - (-12 + -41))
-33
Calculate -1 - (124 + (10 + -1 - (-96 + 122))).
-108
Evaluate (35 - 4) + 2 - (962 + -904).
-25
Calculate (8 - 10) + 12 - (-3 + 17) - 11.
-15
Evaluate (-26 - (9 - 45)) + (-4 - 19).
-13
(8 - 1) + (481 - 578)
-90
Evaluate (-26 - ((-12 - (-17 - 16)) + -17)) + -11.
-41
What is the value of -49 + 27 + -2 + 69?
45
Calculate -48 + 3 + 2 + 5 + 0 + -11 + -1.
-50
What is the value of -20 + 20 + -13 + 7 + 1?
-5
(-1 - (0 + -10)) + (15 - -43 - 25)
42
2 + 216 + 996 + -1128
86
What is the value of -24 + (11 - (-1 + 13)) + (-95 - 26)?
-146
What is -1 + -25 + 7 + -11 + (14 - -2)?
-14
Evaluate -30 + 199 + -47 + -48.
74
What is -56 + 47 + (12 - 16) - (-1 - -12)?
-24
(-15 - 5) + (-3 - (8 + -28)) - (-1 - 1)
-1
Evaluate (-1 - 19) + (13 - 23) + 27 - -31.
28
Calculate 7 + (5 - 13) + 11 + 47 + 7.
64
Calculate 0 + -18 - (195 + -292 + -22).
101
What is 9 + (7 - (-7 + 0 + -40)) + 11 + -2?
72
Evaluate 2 + -4 + 6 + -19 + -16.
-31
3 - (17 + -44) - (2 + 15) - 57
-44
What is 49 - ((-23 - (5 - 9)) + 18)?
50
83 + -66 - 8 - (-8 - (0 - 1))
16
(-3 + 6 - 10) + -22 + (-20 - (-197 + -1))
149
Evaluate 202 + -177 - (1 + (-13 - -7)).
30
-75 + (91 - 32) + 19 + -1
2
Evaluate -33 - -3 - (-2 - -23 - (-3 + 13)).
-41
What is the value of (29 - 56 - -23) + -1 + -14 - (-1 - 5)?
-13
28 + 63 + -240 + 234
85
Evaluate 39 - (2 + 2) - (9 - (8 - 4)).
30
What is the value of (3 - 7 - 63) + (10 + 13 + -35 - -24)?
-55
What is (-88 - -104) + (25 - -4 - -4)?
49
What is the value of -96 - 0 - (-10246 + 10285)?
-135
Evaluate -10 - (28 + -11 + 4) - -21 - -2.
-8
16 + (39 + -15 + -15 - 14)
11
(-651 - -666) + (0 + -2 + 0 - (-129 - 7))
149
What is -1 + 14 - (8 - (108 - 10 - -18))?
121
What is the value of -1 + 6 - (-3 - 8 - (152 - 193))?
-25
What is 2 + -31 + 1 - (8299 + -8328)?
1
(7 - 10) + 1 + 8 - (1351 - 1340)
-5
What is 6 + (-8 - -5) + -14 + (-7 - -15) + 27?
24
Evaluate -8 + (25 - (-27 + 29)).
15
What is the value of -13 + 28 + -1 - (-10 + -24)?
48
What is the value of 9 + -1 + (8 - -35) + (-15 - -6)?
42
What is -16 + 9 - (-3 - -58 - (-26 - (-5 - 10)))?
-73
What is the value of 0 + -13 - (9227 + -9247)?
7
Calculate -10 + 27 - -14 - (38 - 48).
41
Calculate (-11 - 9 - (-38 - -21) - 93) + -17.
-113
What is the value of 79 - (-60 + 40) - (-7 + 2 + (6 - 8))?
106
Calculate (-1 + 1 - -3) + -3 + -97 + -924 + 931.
-90
What is the value of 41 - ((-3 - (-7 - -4) - -11) + 130 + -135)?
35
(3 - -23) + 120 + -123 - 80
-57
Evaluate -17 + 1 - (26 - (13 + -7) - 6).
-30
What is the value of -27 + -3 + -16 + 4?
-42
Evaluate 2 + -40 - (1584 + -1585).
-37
Calculate 12 + 0 + (-40 - -7 - -66 - -24).
69
Evaluate -55 - (628 - 625 - (0 - (-2 - 6))).
-50
What is 11 + (9 - (7 + 10)) + -6 + 13 - -8?
18
Calculate -43 + (48 - 0 - (-450 + 470)).
-15
Calculate (-4 - (1 + 0 + (-11 - 11))) + 83 + -74.
26
Evaluate -6 - (-11 + (23 - 71)).
53
Evaluate (-5 - (1 - (-3 + 0 + -5 + -13))) + -6.
-33
-1 + 0 - (19 - (25 + 21 + 18 + -23))
21
Evaluate -11 - ((-13 - 1) + (-42 - -17) + 27).
1
What is -11 + (37 - 19) - (32 - (-11 - -5))?
-31
What is the value of 7 + (-6 - -17) + -4 - 16?
-2
Calculate 16 + 140 + -28 + -121.
7
What is the value of (113 - 147) + (12 - (6 + -16))?
-12
Evaluate 37 - 71 - (-14 + -28).
8
Evaluate 0 - -4 - ((0 + -11 - -50) + -26).
-9
Evaluate 78 - (-29 - -53 - 19).
73
Evaluate 6 + -30 + 15 - ((-1 - 8) + 11).
-11
2271 + -2297 + 28 + (2 - 3)
1
Calculate -60 - -14 - (-403 - -253).
104
What is the value of 57 + -42 + -153 - -113?
-25
What is (-3 - 20) + -10104 + 10061?
-66
1 + (-8 - -2) - (-291 - -296) - 68
-78
13 + (-15 - (1 + 0)) + (1 - -3 - 54)
-53
263 - 173 - (-15 + (-12 - 17))
134
What is 1 + 78 - (27 + 0 - (-384 - -405))?
73
What is (36 - (10 - -72) - -20) + 82?
56
What is 137 + -154 + 5 + 9?
-3
Evaluate 16 + 0 - (20 - 1 - (6 + 7 - 3)).
7
What is the value of (-23 + -1 - (-2 - 2 - 4)) + -12?
-28
Evaluate 33 + -67 + -2 - -78.
42
Calculate -9 + (88 - ((-1 - -6 - 0) + -266 + 248)).
92
What is the value of -1 + 74 - (-2086 + 2167)?
-8
Calculate (-112 - (-64 - 0)) + 63.
15
81 + -60 + (17 - 18)
20
What is 14 + 95 + -79 + -43 + 1?
-12
Calculate 0 + 0 - (-17 - (-17 - (0 + 31) - -18)).
-13
Calculate (-140 - 76) + 205 - (28 + -1).
-38
What is -5 - (-91 + 77) - (-1 + -1 + 8)?
3
What is the value of -181 + (47 - -82) - 57?
-109
Evaluate -12 - 4 - (-3 + (-8 - -12) - -8).
-25
What is the value of (-5 - 1) + -695 + 738 - -17?
54
0 - ((-5 - -2) + -8) - -22
33
What is the value of -96 - (-136 - (-127 - -30))?
-57
6 + 1 - 15 - (-2 + 1 + (9 - 6))
-10
(-1 - 0) + 1 - (-649 - -638) - 2
9
28 - (-19 + (41 - 1) + -25)
32
What is the value of -80 + 19 + -26 + 20?
-67
21 + -40 + 8 + 22
11
Calculate -16 + (-65 - (-11 + (6 - (-14 - 3 - -11)))).
-82
What is (-6 + 18 + -35 + 8 - -16) + 17?
18
Calculate 25 - (-51 - (-23 - 54)).
-1
Evaluate (65 + -33 - 31) + -13.
-12
What is (1 - 5 - 0 - (-34 - -37)) + (-57 - 4)?
-68
What is (9 - 14) + -8 - ((-4 - -87 - 0) + -2)?
-94
Evaluate 10 + (-31 + (-1 - -14) - -18) + -61.
-51
Calculate 26 + (41 - 25 - 1) - (-2 + -3) - 4.
42
Evaluate (16 - -6) + -65 + 18 + -66.
-91
153 + 2 - (-315 + 393)
77
What is -731 + 644 - (-188 + -1)?
102
What is (15 - 102) + (22 - -4)?
-61
Calculate -28 + (66 - 24) - ((1 - 0) + -5).
18
What is -6 - (-11 - (26 + 7 + -23))?
15
Evaluate 36 - (-129 - -32) - 214.
-81
(-21 + (19 - 7) - -20) + 2
13
What is the value of (-23 - -30 - 29) + -14 + 34?
-2
(2 + 32 - 1 - (436 + -408)) + (-1 - 0)
4
Evaluate 90 + -62 + 13 + 14 + 7 + (-1 - -3).
64
What is the value of 5 + -7 - -8 - ((82 - -47) + -19)?
-104
(3689 - 3757) + (37 - 1) - -36
4
What is the value of 114 - 77 - (25 + 18) - (-2 + -15)?
11
What is the value of -99 + 118 - (-5 - (39 - 2))?
61
What is 35 + 0 - (-132 + 195 + 8)?
-36
What is the value of (8 - 18 - -12 - -1 - 7) + -52 + -15?
-71
Evaluate (-12 - -19) + (-69 - 1) - (-1 + -18 - -15).
-59
What is the value of 4 + -6 - (-13 - (-23 - (-16 - -28)))?
-24
-18 + 0 + (6 - (-9 + (-6 - -19))) + -7
-23
What is the value of (-993 - -979) + (2 - -47)?
35
What is (-4 - -35) + -36 + -44 + 6?
-43
Evaluate 111 - 7 - -5 - (-60 + 93 - 16).
92
What is the value of (-19 + 6 - (28 + -9 - 41)) + -45?
-36
What is (0 - 0) + (-15 - -11) + 69 + 0 - -3?
68
What is -7 + (-11 - (7 - 5 - 19) - 8) - 23?
-32
Evaluate (-1 - -2) + 15 - (-955 + 966).
5
What is -12 + -28 + 37 + -8 + 3 + 2 + 47?
41
1 - -1 - (-1 - -62 - -4)
-63
What is the value of (20 - (5 - -5)) + (-74 - (-1 + 7 + -14))?
-56
Evaluate 2 + -51 + (28 - (1 - -11)) + 20.
-13
(-15 - -4 - -11) + -76 + 14 + 1
-61
What is (38 - 130 - -52 - (2 - 1 - 3)) + -15?
-53
Calculate -41 + (-27 - (-73 - -103)).
-98
104 - 84 - (49 + 43)
-72
What is (0 + 0 - -60) + (8 - (32 + -29)) + -13?
52
What is (-7 - -187 - 175) + (20 - 0)?
25
Evaluate -1 + -37 + 1 - (-7 + (-14 - -21 - -4)).
-41
Calculate -4 + -3 + 26 - (-66 - -86).
-1
What is the value of 59 + -137 + 118 + 13?
53
What is the value of -53 + 12 + -1 + -9 + 74 + -94?
-71
Evaluate (9 - -1) + 199 + -263 + -8 - (-7 - -4).
-59
What is (-46 - 0) + -2447 + 2594?
101
Evaluate -14 + (-75 - (-26 + -5)) + (0 - -5).
-53
What is the value of (-13 - -89) + (-26 + 26 - 25)?
51
What is the value of 13 - -6 - (31 + 25)?
-37
What is -4411 - -4463 - ((0 - -2) + -21)?
71
Evaluate -30 - (33 + -73) - (2 - (-3 + -62 - -2)).
-55
What is (305 - 260) + -1 + -19 + 2?
27
Calculate -2 + -1 - (-32 - (-48 + (-14 - -18))).
-15
Calculate 3 - -5 - (2 - -19) - (-111 - 28).
126
Calculate -16 - -19